 Let a be s(-11). Let x be 8/(-12) - (-245)/a. Calculate the greatest common factor of x and 27.
27
Let c = 1441 - 1419. Suppose -y + 3*f + 2*f + 40 = 0, -107 = -2*y + f. What is the highest common factor of c and y?
11
Let z be 1/((-186)/(-183) - 1). Let u be 2 + (0 - 0 - z). Let c = -15 - u. What is the greatest common divisor of 11 and c?
11
Let l = -234 + 263. What is the highest common divisor of l and 203?
29
Let j = -159 + 79. Let z = 87 + j. Calculate the greatest common factor of 98 and z.
7
Let b be 3 + 11 - (-9 + 14). Calculate the highest common factor of 225 and b.
9
Let q be ((-8)/6)/(17/(-3060)). Suppose 93 = -7*x + q. Calculate the highest common factor of 42 and x.
21
Suppose 5*z + 5*a = 365, 137 = 2*z + a - 6. What is the highest common factor of z and 10?
10
Let m(t) = -3*t + 96. Let u be m(26). Let o(l) = l**3 - 6*l**2 - l + 8. Let i be o(6). Suppose i*f - 72 = -2*f. Calculate the highest common factor of f and u.
18
Let r(l) = -4 - 5*l + l**2 + 0*l + 3*l. Let v be r(4). Let y be (2/v)/(1/6). Calculate the greatest common divisor of y and 2.
1
Suppose 9*u + 44 + 352 = 0. Let c be -3*u/4 + 3. Suppose -45 = 3*l - 8*l. Calculate the greatest common factor of l and c.
9
Let w be (-168 + 0)/(9*(-18)/243). What is the greatest common divisor of 154 and w?
14
Let h = 8 - 4. Suppose -468*x + 463*x + 3*l + 331 = 0, 5*l = -5*x + 355. Calculate the greatest common factor of h and x.
4
Suppose 27 = 5*s - r - 3*r, 5*s - 12 = -r. Suppose -35 = -s*p + 58. What is the greatest common divisor of p and 341?
31
Suppose 0 = 34*w - 45*w + 33. Calculate the highest common factor of 237 and w.
3
Let r be (5/(-2))/((4/(-240))/1). Let z be (-5)/(4 + -19)*150. Calculate the greatest common factor of z and r.
50
Let g = -10 + 14. Suppose p = -g*d + 8, 5*p + 0*d - 140 = 5*d. Let a = -13 + p. What is the highest common factor of a and 33?
11
Suppose -364 = -2*u + 4*b, u + 180 = 2*u - 4*b. What is the highest common factor of u and 23?
23
Suppose 3*p + r = 217, 9*p + 4*r - 364 = 4*p. What is the highest common factor of p and 56?
8
Let g(q) = -2*q**2 - 21*q + 10. Suppose -w + 0*w = -4*s + 26, -36 = 2*w - 4*s. Let b be g(w). Calculate the highest common factor of b and 5.
5
Let j(r) = -2*r - 6. Let h be j(-6). Let c = -4 + h. Suppose -c*w + 114 - 4 = 0. Calculate the greatest common factor of 11 and w.
11
Let h(o) = 4*o - 6*o + 52*o**2 + 67*o**2 - 1. Let f be h(-1). Suppose f = 2*s + 4*s. What is the greatest common factor of 30 and s?
10
Let j(q) = q**2 - 2*q - 12. Let r be j(5). Suppose -r*f = 2*f - 85. Let k = -8 + f. What is the greatest common divisor of k and 1?
1
Let f be 119 + (-1 + 1)/1. Let o be -44 + 1 + 15/5. Let a = o - -57. What is the greatest common factor of f and a?
17
Suppose -115*u = -29*u + 53*u - 973. Suppose -10 = -g + 2*k - k, 0 = 5*g + k - 74. Calculate the greatest common factor of g and u.
7
Let s = 950 + -279. What is the highest common divisor of s and 488?
61
Suppose -4*u + 280 = 3*u. Let b = -31 + u. Calculate the greatest common divisor of b and 3.
3
Let z(k) = -k**3 - 3*k**2 - 3*k + 1. Let a be z(-5). Calculate the highest common divisor of 275 and a.
11
Let a = 5 - 2. Let g(q) = 2*q**2 - q - 3. Let x be g(a). Let u be -2 + 3 + -3 + x. What is the greatest common divisor of u and 5?
5
Let f = -20 - -23. Suppose -8*m = -4*m - 5*k - 386, 0 = f*m - 3*k - 291. What is the highest common factor of m and 11?
11
Suppose 0*f - 4*f + 8 = 0. Suppose f*y = -y + 24. Let x be (-8*2/(-10))/(2/10). Calculate the greatest common divisor of y and x.
8
Suppose 3*f + 3*f = 630. Let b be 1 + 3/((-12)/(-20)). Let r be -2*(0 + (-63)/b). Calculate the greatest common factor of f and r.
21
Let s be 10/(-6)*4*3. Let o be 1158/10 + (-4)/s. Let l = o - 80. What is the greatest common factor of 24 and l?
12
Suppose 4*d - 3*g - 44 = 0, 5*d - 3*g = 36 + 22. Calculate the highest common divisor of d and 147.
7
Suppose 3*o + 1 = 43. Suppose 6*j - 2*j + 3*r = -o, 2*j = -5*r - 14. Let c be (-134)/(-10) - j/(-5). Calculate the highest common factor of 91 and c.
13
Suppose 17 = -2*i + 2*k + 51, -4*i + 70 = -5*k. Let p = -3 + 5. Suppose 7*q - i = p*q. What is the highest common divisor of 33 and q?
3
Suppose 5*a = -3*p + 368, 5*a = 6*a - 4. What is the greatest common factor of 4 and p?
4
Suppose w - 77 = -2. Suppose 2*y + 4*v - w = -y, 2*y - 54 = -4*v. Calculate the greatest common factor of 147 and y.
21
Suppose 7*p - 66 = 158. Let d be 360/16 - (-2)/4. Suppose -5*v = -183 + d. What is the greatest common divisor of v and p?
32
Let u(z) = z + 12. Let d be 105/(-9) - (-1)/(-3). Let l be u(d). Suppose -3*q - 23 = -2*v - 5, l = v + 5*q + 4. Calculate the greatest common factor of v and 6.
6
Let r(u) = -u**3 + 6*u**2 - 24*u + 86. Let j be r(4). Let s = 44 + 44. Calculate the greatest common divisor of s and j.
22
Suppose 2*p + 11 = 27. Suppose -18 - 92 = -5*s. Let c = s - 6. Calculate the highest common divisor of p and c.
8
Let a(p) = 4*p**2 - 19*p + 4. Let u(t) = -t**2 + 5*t - 1. Let f(x) = 4*a(x) + 18*u(x). Let d be f(6). Calculate the highest common factor of d and 90.
10
Suppose -4*q = -0*y + 5*y - 156, 3*q - 117 = 3*y. Suppose -2*s + 5*d = -q, -4*d = s - 3*s + 34. What is the highest common divisor of 21 and s?
7
Let v = 1231 - 1223. What is the highest common divisor of 74 and v?
2
Suppose -q + 0*b + 32 = 4*b, 0 = 2*q + b - 29. What is the highest common divisor of 192 and q?
12
Suppose 373 = 3*b + 97. Let k = -75 + b. What is the greatest common divisor of 85 and k?
17
Suppose -4*w - 5 = -45. Let u = -6 + w. Let b be 1 + -4 + 2 - -5. Calculate the highest common divisor of b and u.
4
Suppose -24 + 9 = -3*c. Let v be (-76)/(-10) - 3/5. Suppose -v*b = -c*b - 32. What is the greatest common divisor of 8 and b?
8
Let j = -1 + 5. Suppose 12*t - 16 = 8*t. Calculate the highest common divisor of t and j.
4
Let x be 2*-1 - (-19208)/49. Calculate the highest common divisor of 156 and x.
78
Let z = -2 - -26. Let v = -13 + z. What is the highest common divisor of 11 and v?
11
Let s(j) = j**3 - 2*j**2 + 4*j - 1. Let m be 25/7 + 12/(-21). Let x be s(m). Let i = x + -9. What is the highest common divisor of 121 and i?
11
Let j = 19 + -14. Suppose -2*w + 2 = j*f, 2*f + 0*f = -4. Suppose 8*p - w*p = 10. Calculate the greatest common factor of 5 and p.
5
Suppose -7*g - 30*g = -2331. Calculate the greatest common divisor of 147 and g.
21
Let b be 730/8 + (-3 - 3)/24. Let m = b + -69. Calculate the greatest common divisor of m and 198.
22
Let o = -72 + 75. Let v be 253/o + (-2)/6. Calculate the greatest common divisor of 56 and v.
28
Suppose 2*d - d = 5*d. Suppose -5*s + 117 + 53 = d. What is the greatest common divisor of 136 and s?
34
Let a(k) = -k**2 - 15*k + 13. Let f = -15 - -5. Let t be a(f). Suppose -2*o + d = -40, -9*o + 5*o + 3*d = -78. Calculate the highest common divisor of t and o.
21
Suppose -11 = 2*a - 5*l - 4, -4*a = -3*l - 7. Suppose 0 = a*c - 26 - 234. Suppose -4*i + 78 = -i. Calculate the greatest common factor of c and i.
13
Suppose -2*q - 3*q - 44 = 4*v, 5*q + 55 = -5*v. Suppose 27*s = 119 + 178. Let c = s - v. What is the highest common factor of 55 and c?
11
Suppose 0 = -n + 5*t - t + 9, 7 = -3*n - 5*t. Let c(i) = -2*i - 7. Let v be c(-9). What is the highest common divisor of n and v?
1
Let j = 269 + -255. Calculate the highest common factor of j and 7.
7
Let n(m) = m**2 - 6. Let s be n(-3). Let f be 5/s - (-5)/15. Calculate the highest common factor of f and 5.
1
Let r(j) be the third derivative of 5*j**4/12 - 25*j**3/6 + 3*j**2 + 4. Let l be r(9). Suppose 57 = 4*o - 47. What is the highest common factor of o and l?
13
Let q(w) = w**2 + 15*w + 39. Let a be q(-12). Suppose -a*g + 111 = -249. Let f(l) = -47*l + 1. Let j be f(-1). Calculate the highest common factor of g and j.
24
Let x be (3 + 1)/((-6)/(-12)). Suppose x = q + 3. Suppose -2*j + 33 = 4*v + q, 4*j - 3*v = 45. Calculate the greatest common factor of j and 3.
3
Let p(h) = -h**2 + 39*h - 283. Let a be p(28). What is the greatest common factor of a and 130?
5
Let n(r) = r + 16. Let v be n(0). Let l be v - -2*(2 + -4). What is the highest common factor of l and 12?
12
Let y = -55 + 34. Let a = 31 + y. Let l(i) = 4*i**2 + 5*i - 4. Let g be l(-4). What is the highest common divisor of a 